 (-32 - -33 - 117) + (-7 - -35).
-88
Evaluate -10 + (64 - (-37 + 58)).
33
Calculate (-31 - (5 - 26)) + (1 - (4 - 1 - -2)).
-14
What is the value of 73 + -3 + (-1244 - -1244)?
70
What is (-34 + -10 - (-1 - 5)) + (-9 + -32 - -31)?
-48
What is (-25 - (61 - 5)) + 34?
-47
Evaluate 151 - 168 - (-1 + 0).
-16
Calculate (298 - (123 + 34)) + (-2 - 36).
103
(-9 - -20 - (-17 + 25)) + 20
23
(-27 + (48 - 6) - -87) + (-11 - -5) + -8
88
What is (93 - (-5 + 9)) + 7?
96
What is -19 + 2 + (0 - -7) + -30 + 16 + 15?
-9
What is -18 + (6 + 12 + -26 - (4 + -3 + -17))?
-10
What is (22 - -40) + 8 + (0 - 53)?
17
What is 14 - ((7 - 59 - -3) + 10) - 10?
43
-18 + (16 - (13 + 8 + -20)) - 5
-8
What is (15 - 1) + (0 - -13) + (-1085 - -1071)?
13
Calculate -4 - 3 - ((-224 - -180) + 2 + 9).
26
Calculate 108 + -83 - (47 - (-8 + 31)).
1
Evaluate -25 + (40 - (42 + -20)) + -18.
-25
What is the value of 47 - (97 + -26) - -14?
-10
Evaluate 28 - -2 - (16 - ((-47 - -73) + -9 + 1)).
32
Evaluate -10 + 11 + -18 + 8 + 33.
24
Calculate -120 + -14 - (-181 + 94).
-47
Calculate -86 + (120 - 62) - 21.
-49
What is 17 + (4 - (0 - -25)) + (69 - (2 + -2))?
65
56 + -5 - (-2610 + 2745)
-84
Calculate -2 - (-15 + (11 - 1)) - (-7 + 47 - -3).
-40
Evaluate 23 + -11 + 0 + 24 + -12 + -12.
12
What is the value of -4 + (-10 - (-41 - -34)) + (-33 - -1) + -7?
-46
What is 1 + -58 + (-3 + (13 - -5) - 33)?
-75
What is the value of -16 + 76 + (41 - 35 - 3)?
63
16 - ((157 - 60) + -40)
-41
What is the value of (-19 - (-7 + (4 - -8) + -15)) + -27?
-36
Calculate (6 + -5 - 15) + 8 + -4 - -61 - 5.
46
What is the value of 44 + (3 + 23 - (150 - 109))?
29
Evaluate 23 - (-3 + (-1 - (-1 - 7) - (-400 - -397))).
16
Evaluate (3 - 39) + 52 - (1 + -2 + 6 + 2).
9
21 + (11 - 21) + (51 - 60 - (-19 - 0))
21
Evaluate -2 - (1 + -2) - (8 + 0 - (14 - 2)).
3
Calculate (-26 - -1) + 355 + -288.
42
What is (5 - (-3 + 19)) + -13 + 13?
-11
What is the value of (-37 + 1 - (97 - 134)) + -132?
-131
1 + -1 - (-21 + 77 + -1 + -25 + -175)
145
(-20 - -12) + 26 + 78
96
Evaluate -16 + (16 + 74 - 46).
28
What is the value of 0 + -42 - (600 + -573)?
-69
Evaluate 18 - (32 - ((9 - 1) + -12)).
-18
What is -11 - (-9 + 14 + (-4 - 7) + 21)?
-26
10 - (-1 + 0) - (122 + -101) - -32
22
What is the value of 55 - (2 - (10 + (-26 - -2)) - 5)?
44
What is 17 - (-1 + -9 - -12 - (13 + -14))?
14
What is the value of 8 - (-1 + -32) - 29?
12
Evaluate 2265 + -2266 - ((3 - -22) + (-2 + 2 - -1)).
-27
-30 + (-9 - -46) - (2 - 16)
21
Evaluate (-35 - 0) + (-18783 - -18721).
-97
What is 2 + 12 + 4334 + -4438 + 13 + -1?
-78
Calculate 27 + -27 - (94 - 13) - -20.
-61
Calculate -7 - ((-5 - 19) + 6) - (-12 - (-20 + 7)).
10
What is the value of 14 + (-20 - -51 - (14 - 0))?
31
What is the value of 17 - -13 - 0 - (2 - 14 - (9 - 12))?
39
Calculate -2 + 8 + -1266 + 1303.
43
What is 7 + 0 + (4 + -23 + 18 - -15)?
21
Calculate (172 - 104) + -2 - 49.
17
3 - (-1 + 16) - (67 + (2 - (32 + -11)))
-60
Calculate -5 + (-14 - 92 - -20) + -18 + 21.
-88
Evaluate -2 + 12 + (19 - (19 - -5 - -19)).
-14
What is the value of (2 - 12) + 3 + ((-3 - -15) + 0 - 12)?
-7
What is -1449 + 1374 + (3 + -3 - -21)?
-54
(-35 - -4) + (-167 - -148) + 17 + -2
-35
Calculate 64 - (-9 - ((-2 + 12 - 9) + -4 + -4)).
66
What is (14 - 9 - -1) + -12 + -28 + -3?
-37
What is the value of (-9 - (58 - -10)) + -6 + (111 - 131)?
-103
Calculate -203 + 172 - (11 - -16).
-58
What is -7 + -66 + (-23 - 0 - -17) + -11?
-90
What is the value of -5 + (20 - 11) + 3 + (2 - -11)?
20
Calculate 4 + -3 + 6 - (27 - 59).
39
What is -40 - (-49 + -25 - -34)?
0
Calculate 45 - (30 + -4 + 15).
4
-3093 + 3186 - (-1 - -80)
14
What is -6 + (6 - 2) + (-2 + (-11 - -6) - -2)?
-7
Evaluate 77 - (-35 - -39) - 28.
45
Evaluate 4 - 34 - -15 - 8.
-23
Calculate 147 + -21 - 50 - 10.
66
(6 - (4 + 1 - -8)) + -8 + (21 - 8)
-2
Calculate 4 + (2 - 16) + -106 + 100 + -31.
-47
What is the value of 2 + (-5 - (5 - 10)) - (-48 - (112 - 83))?
79
3354 - 3229 - (-4 - (6 + -3 + 3))
135
What is the value of (-44 - -149 - 39) + -56 + 9?
19
Calculate (36 - 44) + (18 - -1) + -5.
6
(-3 + 5 - -67) + -15 + -8
46
What is the value of -1353 + 1387 + (1 - -15)?
50
-581 + 618 - ((-3 - 1) + 113)
-72
Calculate -24 + (-4 - (-46 + 20)) + (44 - -2).
44
Calculate -4 - ((-7 - (1 + -18 + 20)) + 0 + 5).
1
What is (-7 + -11 - -5) + (-44 - -22)?
-35
What is the value of 2 + (29 - (25 + 13))?
-7
Evaluate (73 + -76 - -3) + -35.
-35
What is (-59 + 51 - (-1 + -4)) + (-14 - -2) - 101?
-116
What is the value of -33 + (-12 - -28) + (2 + -8 - -9)?
-14
Calculate 5 - 2 - (16 + -24 - -19) - -9.
1
What is (1 - -21) + 0 + 9 + (2 - 6)?
27
Evaluate 19 - -13 - (808 - 857).
81
What is the value of -11 - 2 - (71 - 58) - -40?
14
What is the value of (-19 + 91 - 51) + -29?
-8
Evaluate 23 + 64 + 0 + -79.
8
What is the value of 90 + -72 - (4 + 10 - 131)?
135
What is -28 + 74 + -2 - 63?
-19
Evaluate (24 - ((25 - (30 - 21)) + -6)) + -121 + 0.
-107
What is (44 + 1 - -1) + (11 - -30 - -3) + -43?
47
-195 + 46 + -13 + 11 + 34
-117
Evaluate (-10 - -7) + 17 + -19 + (11 - -38).
44
What is -1476 + 1490 - (-2 + 14 + -3)?
5
What is 45 + -10 + 1 + 14 + -126 + 108?
32
10 - (1 - (80 + -36))
53
Calculate 22 + 2 + -8 + 2 - (193 + -191).
16
Calculate (-2 - -11) + (-65 - -20) + 14.
-22
Evaluate 93 + -58 + 10 - 66.
-21
Calculate (-4 - (86 + -76)) + 3.
-11
6 + 1 + 2 + -136 + -35 + 190
28
What is (6 - 0 - (-20 - (6 + -79)) - 8) + 6?
-49
What is the value of 16100 - 16092 - ((3 + 0 - -62) + 1 + 1)?
-59
Calculate 3 + -10 - (-2 + -18 - 7 - 31).
51
Calculate 10 - (-24 - -9 - (2 + -59 + 1)).
-31
What is -43 + -3 + 46 - (-2 + 30 + -1)?
-27
Evaluate 0 + -1 + 0 + (-7 - 15) - (-12 - -9).
-20
Evaluate 3 - ((-1 - (-7 + 2)) + 10) - 31.
-42
What is the value of (2473 - 2469) + (-2 - (-1 - (-1 - 0)))?
2
Calculate (11 - 0 - 7 - (15 - 6)) + 9 - 49.
-45
What is -142 + 92 - (10 + -6 + -6)?
-48
What is 29 - (37 + -3 + -39)?
34
5 + 5 - (0 - 1) - (46 + 0 + -100)
65
(-52 - 42) + (11 - -10) + 5
-68
Evaluate -70 + (1 + -18 - -42) - -23.
-22
Calculate (93 - (121 + -67)) + -91.
-52
What is 298 + -355 - (-5 - 11)?
-41
(-7 - (-6 - -47 - 2) - (-11 + 8)) + -4
-47
Evaluate 4 + (30 - 17) + 6 + -88.
-65
45 + -11 - (202 - 138)
-30
What is 72 + (2 - (2 - -29))?
43
What is (5 - -31) + -7 + -3 + (3 - 12)?
17
4 + (6 + -9 + -6 - 86) + -138 + 140
-89
25 + (2 - 19) + 353 + -377
-16
-44 - (-39 - ((-23 - -40) + 84))
96
(-19 + 45 - 8 - 16) + (0 - -1 - -23)
26
Evaluate (-183 + -13 + 201 - (-1 + 0 + 0)) + -9.
-3
What is -79 - (25 + (-79 - -13) + 22)?
-60
What is the value of -10 - 16 - (47 + -66) - (6 + 121)?
-134
-59 + -37 + 61 + 13
-22
What is (-17 + (26 - 1) - 6) + (-1 - -13)?
14
What is 3 + (-7 - 39) + 33?
-10
Evaluate -1 + -19 - (-4890 - -4919).
-49
108 + -211 + 53 - -83
33
Calculate 8 + -1 + -4 - (-2 - 4) - (4 - 15).
20
What is the value of 104 - (173 - 17 - 6)?
-46
What is (-29 - -43) + 18 - (-48 - -11)?
69
Calculate 19 + (-30 - -11) - 3.
-3
-11 - (50 + -2 + (-397 - -386))
-48
Evaluate 56 + 51 + (4 - (15 + (-22 - -10))).
108
Evaluate (-21 - (27 - (42 - 52))) + (0 - 7).
-65
What is the value of 90 - (27 + 23) - 26?
14
12 + -19 + (-3 - (-5 - 19))
14
-19 + 97 + -28 + 48 + -29
69
What is (12 + -5 - -7) + -94 + 86?
6
What is the value of (-16 - -75) + (-36 - -26) + -14?
35
What is -2 + 92 - ((-2 - 33) + (-165 - -212))?
78
Calculate (76 - 151) + 89 + -49.
-35
Calculate (14 - 18 - -2) + 1 + 0 + 44 + 20.
63
What is the value of (22 - 25) + 10 + -1 + (425 - 571)?
-140
1 + -89 + 205 + -176 + (-17 - -6)
-70
What is -8589 - -8648 - (1 - -120)?
-62
Evaluate 219 + -115 + (-3 - (15 + -3 + -2 + 2)).
89
(-71 - 1) + -6104 + 6064
-112
Calculate (25 - (-13 - (10 + -44))) + 16.
20
What is the value of 64 + (-2 + -6 - 3 - (-4 + (-1 - -4)))?
54
Calculate -1903 + 1909 - (-4 + -1 + (-2 - -1 - -3)).
9
Calculate 24674 - 24710 - (75 - 0).
-111
Evaluate (142 - (54 - 14)) + -53.
49
What is 19 + (-48 - -20) - (3 + -2 + -15) - -26?
31
75 - (172 - 107) - -79
89
What is the value of -10 + (-4 - -4) + 9 + (-3 - (18 - 7))?
-15
Evaluate (-22 - (-119 - -68)) + -1 + -8 - -2.
22
What is the value of (44 - (18 - 4)) + -17?
13
Calculate (-61 - (-28 + -59)) + 1.
27
Evaluate (-37 - 22) + -41 - -38.
-62
5 + -4 + (10 - -8 - 7) - (15 + -99)
96
What is (-4 - 65) + 227 + -198?
-40
What is -3 - -11 - (477 + -510)?
41
Calculate (-12 + -16 